{"id":151,"date":"2026-03-03T10:50:32","date_gmt":"2026-03-03T10:50:32","guid":{"rendered":"https:\/\/estelacorreal.fpcei.eu\/?page_id=151"},"modified":"2026-03-03T10:50:32","modified_gmt":"2026-03-03T10:50:32","slug":"momentazos-metrika","status":"publish","type":"page","link":"https:\/\/estelacorreal.fpcei.eu\/?page_id=151","title":{"rendered":"MOMENTAZOS METRIKA"},"content":{"rendered":"\n<p>\u201ca mi no me censuran ni mamando polla\u201d &#8211; subi\u00f3 una historia diciendo esta frase cuando dio a conocer que hab\u00eda firmado un ep con la discograf\u00eda universal y la gente se alarmo por estar controlada <\/p>\n\n\n\n<div class=\"wp-block-buttons is-layout-flex wp-block-buttons-is-layout-flex\">\n<div class=\"wp-block-button\"><a class=\"wp-block-button__link wp-element-button\" href=\"https:\/\/www.youtube.com\/watch?v=OULLarg6468\">Metrijeras viajeras<\/a><\/div>\n<\/div>\n","protected":false},"excerpt":{"rendered":"<p>\u201ca mi no me censuran ni mamando polla\u201d &#8211; subi\u00f3 una historia diciendo esta frase cuando dio a conocer que hab\u00eda firmado un ep con la discograf\u00eda universal y la gente se alarmo por estar controlada<\/p>\n","protected":false},"author":2,"featured_media":0,"parent":0,"menu_order":0,"comment_status":"closed","ping_status":"closed","template":"","meta":{"footnotes":""},"class_list":["post-151","page","type-page","status-publish","hentry"],"_links":{"self":[{"href":"https:\/\/estelacorreal.fpcei.eu\/index.php?rest_route=\/wp\/v2\/pages\/151","targetHints":{"allow":["GET"]}}],"collection":[{"href":"https:\/\/estelacorreal.fpcei.eu\/index.php?rest_route=\/wp\/v2\/pages"}],"about":[{"href":"https:\/\/estelacorreal.fpcei.eu\/index.php?rest_route=\/wp\/v2\/types\/page"}],"author":[{"embeddable":true,"href":"https:\/\/estelacorreal.fpcei.eu\/index.php?rest_route=\/wp\/v2\/users\/2"}],"replies":[{"embeddable":true,"href":"https:\/\/estelacorreal.fpcei.eu\/index.php?rest_route=%2Fwp%2Fv2%2Fcomments&post=151"}],"version-history":[{"count":1,"href":"https:\/\/estelacorreal.fpcei.eu\/index.php?rest_route=\/wp\/v2\/pages\/151\/revisions"}],"predecessor-version":[{"id":152,"href":"https:\/\/estelacorreal.fpcei.eu\/index.php?rest_route=\/wp\/v2\/pages\/151\/revisions\/152"}],"wp:attachment":[{"href":"https:\/\/estelacorreal.fpcei.eu\/index.php?rest_route=%2Fwp%2Fv2%2Fmedia&parent=151"}],"curies":[{"name":"wp","href":"https:\/\/api.w.org\/{rel}","templated":true}]}}